e factors of 10385175.
3, 5, 138469
List the prime factors of 153297.
3, 17033
What are the prime factors of 5695520?
2, 5, 35597
What are the prime factors of 25215055?
5, 5043011
What are the prime factors of 4612379?
131, 137, 257
List the prime factors of 349682.
2, 29, 6029
List the prime factors of 52564.
2, 17, 773
What are the prime factors of 954675?
3, 5, 4243
List the prime factors of 5438938.
2, 73, 37253
List the prime factors of 882435.
3, 5, 89, 661
What are the prime factors of 1274768?
2, 11, 7243
What are the prime factors of 12400424?
2, 1550053
What are the prime factors of 892309?
11, 81119
List the prime factors of 303842.
2, 7, 11, 1973
List the prime factors of 2147996.
2, 536999
List the prime factors of 16058828.
2, 67, 59921
List the prime factors of 5898919.
13, 29, 15647
List the prime factors of 25578374.
2, 12789187
List the prime factors of 725510.
2, 5, 72551
What are the prime factors of 1993629?
3, 11, 60413
List the prime factors of 6046790.
2, 5, 29, 719
List the prime factors of 99667.
99667
What are the prime factors of 6573981?
3, 19, 29, 41, 97
What are the prime factors of 3062885?
5, 7, 87511
What are the prime factors of 2227522?
2, 11, 19, 73
What are the prime factors of 551031?
3, 13, 71, 199
List the prime factors of 10130089.
10130089
What are the prime factors of 115120?
2, 5, 1439
What are the prime factors of 3007178?
2, 61, 157
List the prime factors of 3171947.
3171947
What are the prime factors of 2075410?
2, 5, 207541
What are the prime factors of 1302418?
2, 13, 50093
What are the prime factors of 1805548?
2, 451387
List the prime factors of 2122587.
3, 181, 1303
What are the prime factors of 254990?
2, 5, 43, 593
List the prime factors of 308095.
5, 43, 1433
List the prime factors of 22119215.
5, 23, 192341
List the prime factors of 17832955.
5, 7, 509513
List the prime factors of 1649791.
11, 13, 83, 139
What are the prime factors of 1519920?
2, 3, 5, 2111
List the prime factors of 6030074.
2, 3015037
What are the prime factors of 115038?
2, 3, 7, 11, 83
List the prime factors of 337338.
2, 3, 6247
List the prime factors of 6731237.
1861, 3617
List the prime factors of 1040205.
3, 5, 31, 2237
List the prime factors of 1436080.
2, 5, 29, 619
What are the prime factors of 95339?
95339
What are the prime factors of 3131?
31, 101
List the prime factors of 26134541.
1811, 14431
What are the prime factors of 14462?
2, 7, 1033
List the prime factors of 13226846.
2, 41, 161303
List the prime factors of 12572348.
2, 3143087
What are the prime factors of 447660?
2, 3, 5, 829
What are the prime factors of 2802224?
2, 43, 4073
List the prime factors of 123069.
3, 41023
List the prime factors of 31531.
31531
List the prime factors of 2128640.
2, 5, 1663
What are the prime factors of 55780?
2, 5, 2789
What are the prime factors of 7072403?
13, 544031
What are the prime factors of 654454?
2, 337, 971
What are the prime factors of 971352?
2, 3, 1499
What are the prime factors of 250461?
3, 17, 1637
List the prime factors of 4915042.
2, 11, 157, 1423
List the prime factors of 202791.
3, 23, 2939
What are the prime factors of 337723?
457, 739
What are the prime factors of 1109825?
5, 103, 431
List the prime factors of 251715.
3, 5, 97, 173
List the prime factors of 754487.
67, 11261
What are the prime factors of 116420?
2, 5, 5821
What are the prime factors of 23546315?
5, 13, 103, 3517
What are the prime factors of 109766?
2, 71, 773
List the prime factors of 35044371.
3, 3893819
List the prime factors of 4772575.
5, 349, 547
List the prime factors of 11337879.
3, 7, 539899
List the prime factors of 2481268.
2, 620317
List the prime factors of 7290098.
2, 3645049
List the prime factors of 2118409.
83, 25523
List the prime factors of 42408.
2, 3, 19, 31
What are the prime factors of 400066?
2, 200033
What are the prime factors of 29982?
2, 3, 19, 263
List the prime factors of 864366.
2, 3, 144061
List the prime factors of 4215185.
5, 13, 64849
What are the prime factors of 44244?
2, 3, 1229
What are the prime factors of 27802346?
2, 11, 13, 41, 2371
List the prime factors of 392390.
2, 5, 39239
List the prime factors of 9832443.
3, 17, 19, 73, 139
List the prime factors of 14274561.
3, 7, 679741
What are the prime factors of 393529?
97, 4057
What are the prime factors of 4825864?
2, 41, 14713
List the prime factors of 3423355.
5, 13, 52667
What are the prime factors of 277805?
5, 11, 5051
What are the prime factors of 50168?
2, 6271
List the prime factors of 3177715.
5, 137, 4639
List the prime factors of 7774071.
3, 101, 25657
What are the prime factors of 5857902?
2, 3, 325439
What are the prime factors of 1494259?
13, 137, 839
List the prime factors of 771949.
23, 33563
List the prime factors of 18618782.
2, 7, 13, 102301
List the prime factors of 1184555.
5, 19, 37, 337
List the prime factors of 599773.
19, 31567
List the prime factors of 1994639.
19, 61, 1721
What are the prime factors of 2549096?
2, 11, 83, 349
List the prime factors of 333632.
2, 13, 401
List the prime factors of 121134.
2, 3, 13, 1553
List the prime factors of 4495676.
2, 1123919
List the prime factors of 433330.
2, 5, 17, 2549
What are the prime factors of 7025152?
2, 13721
List the prime factors of 11113200.
2, 3, 5, 7
List the prime factors of 434661.
3, 144887
What are the prime factors of 1589022?
2, 3, 43, 2053
What are the prime factors of 264522?
2, 3, 44087
What are the prime factors of 20152676?
2, 5038169
What are the prime factors of 9561546?
2, 3, 531197
List the prime factors of 2284420.
2, 5, 114221
List the prime factors of 2112942.
2, 3, 13, 103, 263
List the prime factors of 956610.
2, 3, 5, 1181
What are the prime factors of 10143141?
3, 43, 61, 1289
List the prime factors of 1891650.
2, 3, 5, 12611
List the prime factors of 22339189.
31, 720619
List the prime factors of 719175.
3, 5, 43, 223
What are the prime factors of 4409950?
2, 5, 89, 991
List the prime factors of 268919.
7, 41, 937
List the prime factors of 1114911.
3, 7, 17, 347
List the prime factors of 3795963.
3, 1265321
List the prime factors of 340568.
2, 42571
What are the prime factors of 904184?
2, 113023
List the prime factors of 1290728.
2, 161341
What are the prime factors of 855652?
2, 7, 30559
List the prime factors of 2024394.
2, 3, 17, 89, 223
List the prime factors of 510504.
2, 3, 89, 239
What are the prime factors of 7320886?
2, 3660443
List the prime factors of 156552.
2, 3, 11, 593
List the prime factors of 340788.
2, 3, 7, 4057
List the prime factors of 687201.
3, 37, 41, 151
List the prime factors of 259106.
2, 129553
What are the prime factors of 188972?
2, 7, 17, 397
What are the prime factors of 643887?
3, 29, 2467
What are the prime factors of 2720466?
2, 3, 7, 2399
What are the prime factors of 2922981?
3, 863, 1129
List the prime factors of 700453.
13, 53881
List the prime factors of 379815.
3, 5, 25321
What are the prime factors of 600584?
2, 37, 2029
List the prime factors of 1732108.
2, 7, 61861
List the prime factors of 1468409.
17, 5081
List the prime factors of 8244911.
8244911
What are the prime factors of 338561?
19, 103, 173
List the prime factors of 552802.
2, 276401
List the prime factors of 28579.
28579
What are the prime factors of 677675?
5, 27107
List the prime factors of 8441847.
3, 83, 3767
What are the prime factors of 17781554?
2, 7, 1270111
List the prime factors of 904748.
2, 13, 127, 137
List the prime factors of 45587.
45587
What are the prime factors of 190345?
5, 38069
What are the prime factors of 536583?
3, 383, 467
What are the prime factors of 8597345?
5, 1719469
What are the prime factors of 9790796?
2, 53, 46183
List the prime factors of 33030515.
5, 7, 943729
List the prime factors of 16116474.
2, 3, 11, 79, 281
List the prime factors of 24379866.
2, 3, 7, 21499
List the prime factors of 2098138.
2, 7, 149867
List the prime factors of 385339.
17, 19, 1193
What are the prime factors of 12430450?
2, 5, 248609
What are the prime factors of 1248164?
2, 23, 13567
What are the prime factors of 4756283?
7, 113, 859
List the prime factors of 385165.
5, 11, 47, 149
What are the prime factors of 715376?
2, 44711
What are the prime factors of 283697?
283697
What are the prime factors of 20694410?
2,